is the ten thousands digit of 1106745737?
4
What is the tens digit of 38412066?
6
What is the hundred millions digit of 991815759?
9
What is the ten thousands digit of 68496899?
9
What is the hundred thousands digit of 252035617?
0
What is the hundred thousands digit of 1439903668?
9
What is the hundred thousands digit of 42669349?
6
What is the ten thousands digit of 245986279?
8
What is the units digit of 771211992?
2
What is the hundred thousands digit of 76601031?
6
What is the units digit of 8588264?
4
What is the millions digit of 169627634?
9
What is the millions digit of 51273266?
1
What is the hundreds digit of 138503716?
7
What is the ten millions digit of 425904771?
2
What is the hundred millions digit of 187365111?
1
What is the hundred thousands digit of 209761488?
7
What is the hundred thousands digit of 208369306?
3
What is the ten thousands digit of 21056270?
5
What is the tens digit of 136763842?
4
What is the millions digit of 23431888?
3
What is the ten millions digit of 98043260?
9
What is the hundred thousands digit of 787398618?
3
What is the thousands digit of 150981470?
1
What is the tens digit of 46426944?
4
What is the ten thousands digit of 565993266?
9
What is the ten thousands digit of 1851755757?
5
What is the hundred thousands digit of 2051871?
0
What is the millions digit of 1968568834?
8
What is the ten millions digit of 1770897351?
7
What is the thousands digit of 1170563608?
3
What is the tens digit of 99174878?
7
What is the hundred millions digit of 3526543673?
5
What is the tens digit of 204735683?
8
What is the tens digit of 1460386710?
1
What is the hundred millions digit of 522588736?
5
What is the millions digit of 958978511?
8
What is the hundred thousands digit of 80746749?
7
What is the hundred millions digit of 704892700?
7
What is the hundred thousands digit of 2955947870?
9
What is the ten millions digit of 31376691?
3
What is the ten thousands digit of 1203701616?
0
What is the hundred thousands digit of 23835089?
8
What is the thousands digit of 25122519?
2
What is the hundreds digit of 22652701?
7
What is the units digit of 28085622?
2
What is the millions digit of 1742750605?
2
What is the thousands digit of 1522147144?
7
What is the ten thousands digit of 1639830?
3
What is the ten millions digit of 522901540?
2
What is the hundred thousands digit of 254088207?
0
What is the units digit of 17166828?
8
What is the ten thousands digit of 450130274?
3
What is the units digit of 1494374542?
2
What is the ten thousands digit of 34632895?
3
What is the ten thousands digit of 1827045063?
4
What is the ten millions digit of 17081880?
1
What is the hundreds digit of 3511782851?
8
What is the units digit of 176555743?
3
What is the ten millions digit of 149386111?
4
What is the hundreds digit of 142892953?
9
What is the thousands digit of 550233103?
3
What is the hundred thousands digit of 1089237592?
2
What is the tens digit of 44104930?
3
What is the hundreds digit of 322531947?
9
What is the thousands digit of 74310324?
0
What is the hundred thousands digit of 69448965?
4
What is the thousands digit of 178396375?
6
What is the hundreds digit of 107822723?
7
What is the ten thousands digit of 784378194?
7
What is the hundred thousands digit of 3018938607?
9
What is the ten thousands digit of 1128473364?
7
What is the units digit of 794747690?
0
What is the hundred thousands digit of 20466593?
4
What is the tens digit of 364793403?
0
What is the ten millions digit of 39514012?
3
What is the millions digit of 604729874?
4
What is the ten thousands digit of 7142985?
4
What is the billions digit of 5177417692?
5
What is the billions digit of 2116268350?
2
What is the billions digit of 1908566674?
1
What is the units digit of 7753947?
7
What is the tens digit of 1171685596?
9
What is the tens digit of 513783175?
7
What is the hundred millions digit of 157522791?
1
What is the tens digit of 2073190226?
2
What is the hundred millions digit of 165126146?
1
What is the units digit of 2356420361?
1
What is the ten thousands digit of 2293694783?
9
What is the ten millions digit of 4533154235?
3
What is the millions digit of 14339716?
4
What is the tens digit of 1105369357?
5
What is the hundreds digit of 1963641040?
0
What is the millions digit of 289452685?
9
What is the ten thousands digit of 1872411553?
1
What is the thousands digit of 26015195?
5
What is the tens digit of 2445120605?
0
What is the hundred thousands digit of 25112095?
1
What is the ten millions digit of 4761958849?
6
What is the hundred thousands digit of 1334458247?
4
What is the hundred thousands digit of 3653152959?
1
What is the ten thousands digit of 165618240?
1
What is the thousands digit of 2778590899?
0
What is the billions digit of 2367699384?
2
What is the units digit of 3330344923?
3
What is the ten millions digit of 90649605?
9
What is the thousands digit of 47010722?
0
What is the ten thousands digit of 561943277?
4
What is the ten millions digit of 532262961?
3
What is the millions digit of 3474979426?
4
What is the millions digit of 100100183?
0
What is the hundreds digit of 4802138492?
4
What is the units digit of 5211880908?
8
What is the hundred thousands digit of 366907694?
9
What is the hundreds digit of 572250046?
0
What is the thousands digit of 2306786803?
6
What is the units digit of 32491893?
3
What is the hundred thousands digit of 85727796?
7
What is the ten thousands digit of 1711247366?
4
What is the thousands digit of 26146481?
6
What is the millions digit of 1138774888?
8
What is the ten millions digit of 24720547?
2
What is the hundreds digit of 1844779712?
7
What is the millions digit of 2064667924?
4
What is the hundred millions digit of 415996709?
4
What is the thousands digit of 37109892?
9
What is the thousands digit of 75866604?
6
What is the hundred thousands digit of 107470480?
4
What is the hundred thousands digit of 117634527?
6
What is the ten thousands digit of 2576622840?
2
What is the hundred thousands digit of 4698578232?
5
What is the millions digit of 128122507?
8
What is the ten millions digit of 3570802925?
7
What is the hundreds digit of 117489267?
2
What is the units digit of 150234362?
2
What is the tens digit of 95432142?
4
What is the hundred millions digit of 623557694?
6
What is the units digit of 4063616369?
9
What is the millions digit of 123831404?
3
What is the hundreds digit of 2479686435?
4
What is the hundred thousands digit of 74392060?
3
What is the ten millions digit of 796771256?
9
What is the ten millions digit of 643553281?
4
What is the millions digit of 31650227?
1
What is the thousands digit of 253702269?
2
What is the thousands digit of 118951554?
1
What is the hundred thousands digit of 44082254?
0
What is the billions digit of 1833549837?
1
What is the millions digit of 30736609?
0
What is the tens digit of 2945840001?
0
What is the ten millions digit of 304100291?
0
What is the hundreds digit of 94385932?
9
What is the ten thousands digit of 25417176?
1
What is the ten millions digit of 406495915?
0
What is the hundreds digit of 107882120?
1
What is the hundred millions digit of 198449035?
1
What is the ten millions digit of 66025077?
6
What is the ten millions digit of 107371627?
0
What is the tens digit of 711482745?
4
What is the thousands digit of 31360963?
0
What is the ten millions digit of 51646490?
5
What is the tens digit of 1632907058?
5
What is the hundred thousands digit of 1987201019?
2
What is the tens digit of 28172033?
3
What is the hundreds digit of 41817401?
4
What is the hundreds digit of 908355398?
3
What is the hundred thousands digit of 496418978?
4
What is the hundreds digit of 59633000?
0
What is the hundreds digit of 5921012?
0
What is the ten thousands digit of 394762083?
6
What is the ten thousands digit of 1644917753?
1
What is the hundred thousands digit of 699516?
6
What is the billions digit of 3977032953?
3
What is the ten thousands digit of 3191502623?
0
What is the ten thousands digit of 7061633996?
3
What is the ten millions digit of 270598161?
7
What is the ten millions digit of 999301009?
9
What is the ten millions digit of 10107529?
1
What is the units digit of 38510925?
5
What is the ten thousands digit of 1764262532?
6